mon factor of 9 and a.
1
Suppose 0 = 2*n + r - 52, 4*r - 27 - 31 = -2*n. Calculate the highest common divisor of n and 225.
25
Let y(g) = 2*g**3 + 7*g**2 - 4*g + 13. Let j be y(5). What is the highest common divisor of j and 38?
38
Let k be (4/1)/1 + 7 + -8. Suppose -t = 2*t - 12. Suppose -3*c - t*i = -6*c + 24, -45 = -4*c + i. What is the greatest common factor of c and k?
3
Suppose 5*i = -10 + 25. Let g be (-5)/20 + 170/8. What is the greatest common divisor of g and i?
3
Suppose 3*t - 165 = -4*v, 2*v - 4*t - 43 - 45 = 0. What is the greatest common divisor of 12 and v?
6
Suppose c = x - 3*x - 4, 0 = -5*c + 4*x + 22. Let f be -2 + (c/2 - -3). Suppose -24 = i - f*i. What is the highest common factor of i and 16?
8
Suppose -5*c + 142 = 2*k - 80, -4*k = 3*c - 136. What is the highest common divisor of c and 44?
44
Suppose -2*q = -5 - 7. Let l be 40/q - 2/(-6). Let p be (-2)/7 - (-9)/l. What is the greatest common divisor of 11 and p?
1
Suppose -2 = -5*v - 32. Let i be (5 + v)/((-1)/12). Calculate the highest common divisor of i and 12.
12
Let m = 39 + -17. Let g(j) = j**3 + 2*j**2 + 5*j - 2. Let k be g(5). Calculate the greatest common divisor of k and m.
22
Let h = 10 + -9. Let l(a) = 14*a - 2. Let u be l(h). Let y be 244/20 - 2/10. Calculate the greatest common factor of u and y.
12
Suppose 4*c - c = 21. Let u = 50 - 36. Calculate the greatest common factor of c and u.
7
Let c(g) = g**2 - g + 43. Let z be c(0). Suppose 4*o - 5 = -4*y + z, y = -2*o + 29. Calculate the greatest common divisor of 119 and o.
17
Suppose 150 = 6*m - m. Calculate the highest common factor of 6 and m.
6
Suppose 27 = 5*p - 18. What is the greatest common divisor of 36 and p?
9
Suppose -q = 4*l - 28, 36 = 5*l - 0*l + q. Calculate the highest common divisor of l and 56.
8
Suppose 42*z - 38*z = 504. Calculate the highest common factor of z and 18.
18
Suppose 2 + 7 = j. What is the highest common factor of 45 and j?
9
Suppose 57 = -4*q + 7*q. Calculate the greatest common divisor of 171 and q.
19
Suppose -5*o = 4*u - 224, 5*u - 53 = -o - 4. Calculate the highest common factor of o and 11.
11
Suppose 0 = a + a. Suppose 3*i - 141 = -5*t, a = 2*i - 2*t - 141 + 31. Calculate the greatest common factor of i and 13.
13
Let o = 34 - 25. What is the highest common factor of 72 and o?
9
Suppose 0 = 6*z - 5*z - 4. Suppose 1 = z*l + 25. Let c be ((-33)/l)/(1/20). What is the highest common divisor of c and 10?
10
Let m = -1 - 3. Let l be (2/m)/((-4)/64). Calculate the greatest common divisor of 24 and l.
8
Let k = 14 - 3. What is the highest common factor of k and 88?
11
Suppose 2*o - 12 = -o. Let s be o*(-3)/9*-15. What is the highest common factor of 50 and s?
10
Let z be 3/9*3 + 1. Suppose 6*o = -4*q + z*o + 8, 0 = -o. Suppose q*l = l + 8. What is the greatest common factor of 1 and l?
1
Let a(b) = -12*b - 2. Suppose 0 = s + 4*s + 10. Let o be a(s). What is the greatest common divisor of o and 88?
22
Suppose 6 = 3*v - v. Suppose -3*t - 15 = -5*q, v*q + 2*t + 10 = -0. Let h be ((-81)/(-6) - q)*2. What is the greatest common divisor of 18 and h?
9
Suppose 3*x - 2*q = 140, -3*q - 16 = q. Calculate the greatest common factor of 4 and x.
4
Let r(y) = -y**2 + 11*y + 9. Let v be r(11). What is the greatest common divisor of 27 and v?
9
Let z be 6 - (1 + (-3 - -5)). Suppose -2*l = z*l - 10. What is the greatest common divisor of l and 10?
2
Suppose -80 - 104 = -4*n. What is the highest common divisor of n and 46?
46
Suppose -2*c - 3*c + 55 = 0. Suppose 43*g - 37*g = 132. Calculate the greatest common divisor of g and c.
11
Let h = 5 + -3. Suppose -27 = -h*f + 27. Calculate the highest common divisor of f and 3.
3
Let n = 65 + -38. Let o = -11 + n. Calculate the greatest common factor of o and 24.
8
Let a(w) = w**3 + 7*w**2 - w - 7. Let p be a(-7). Let u = p - -4. Suppose u*k - 45 = k. Calculate the highest common factor of k and 10.
5
Let k be (4/6)/((-6)/(-63)). Suppose -k*s + 73 - 24 = 0. Let g(f) = 2*f**2 + f + 1. Let r be g(-2). What is the highest common divisor of r and s?
7
Let f be -1*(4 - 42)*3. What is the highest common factor of f and 6?
6
Suppose -88 = -2*n - 2*i, 3*n - 40 = -5*i + 82. Calculate the highest common divisor of n and 7.
7
Let f be (1 + 0 - -22) + 1. Let p be (-2 + 3)*(f + 0). What is the highest common factor of 8 and p?
8
Let f = 20 + 205. Suppose -3*p + f = 2*p. Calculate the highest common divisor of 5 and p.
5
Let l(a) = 2*a**3 + 7*a**2 + 2*a + 6. Let c be l(-3). What is the highest common factor of c and 18?
9
Let a = 4 - 4. Suppose q + a = 3. Suppose i - 12 = c, 32 = 5*i - q*c - 28. What is the highest common factor of i and 30?
6
Let c(n) = n**2 - 6*n + 4. Let d be c(6). Suppose -5*y + 3*s = -166, 0*y + 88 = 3*y + 4*s. Calculate the highest common factor of d and y.
4
Let v(f) = 2*f + 4. Let x(r) = -r + 25. Let l be x(0). Suppose -k - l = -6*k. Let g be v(k). Calculate the highest common factor of g and 21.
7
Let o be 32/(-6)*126/(-24). Let i be 119/o + 1/(-4). What is the greatest common divisor of i and 2?
2
Let k(r) = -16*r. Let m be k(-4). Suppose y = 4 - 1. Let c be y/12 + 62/8. Calculate the highest common divisor of c and m.
8
Let r(t) = t**3 - 6*t**2 + 4*t + 7. Let d be r(5). Suppose -11 = d*h - 3. Let n be h/8 - 58/(-4). What is the greatest common divisor of 42 and n?
14
Suppose 12*l - 32*l + 240 = 0. Calculate the highest common divisor of 156 and l.
12
Let p(q) = 2*q**2 + q - 165. Let a be p(0). Let w be 5*11/(a/(-432)). Calculate the greatest common divisor of 16 and w.
16
Let g(d) = 27*d + 2. Let q be g(-3). Let x = q + 151. Let h be (x/(-10))/((-12)/90). Calculate the highest common factor of 18 and h.
18
Suppose -3*y - 975 = -8*y + 5*p, 3*p = 0. What is the greatest common divisor of 15 and y?
15
Let u(w) = -w**3 + 10*w**2 - 6*w. Let t be u(4). Suppose 2*s = -11*s + 104. What is the highest common factor of s and t?
8
Let v be 1*(-1 - -2)*5. Suppose v*x - 40 = -5. What is the highest common factor of x and 7?
7
Let f = 16 + -10. What is the greatest common factor of f and 6?
6
Suppose 13 = -4*o + 77. Let z be 31 - 2/(-2)*1. Calculate the highest common divisor of z and o.
16
Let w = -9 - -11. Let m be w/8 - (-636)/16. Calculate the greatest common divisor of 8 and m.
8
Let f = -13 - -33. Calculate the greatest common divisor of f and 5.
5
Let y = 34 - -10. Let h be (-8)/36 - 76/(-18). What is the greatest common divisor of y and h?
4
Let p(b) = 3*b + 1. Let x be p(-2). Let o be -57*x/(5/4). Let j be o/18 + (-2)/3. Calculate the greatest common factor of j and 8.
4
Let y(i) = -2*i + 31. Let m be y(9). What is the highest common divisor of m and 13?
13
Let k be (3 - 5/2)*74. Suppose 3*p - 8 - k = 0. Let v = 11 + -1. What is the highest common factor of p and v?
5
Suppose 0*h - 11 = -h. Suppose 4*j - 111 - 65 = 0. Calculate the highest common factor of h and j.
11
Let r = -1 + 43. Calculate the highest common factor of r and 14.
14
Suppose -6*w = -3*w. Let d = w + 14. Calculate the highest common divisor of 2 and d.
2
Let c = 26 - 8. Let h = c + -1. Calculate the highest common divisor of 34 and h.
17
Suppose 0*j - 15 = -2*j - v, 15 = -5*v. Suppose i - 1 = j. Let p(c) = c**3 - 10*c**2 + 2*c - 13. Let k be p(i). What is the greatest common divisor of 56 and k?
7
Suppose -p - 5*g + 46 = 0, 4*p - g - g - 140 = 0. Calculate the greatest common factor of 18 and p.
18
Suppose 0*k + 4 = 4*k. Suppose -w = -17 - k. Calculate the highest common factor of w and 27.
9
Let i = -285 + 725. Suppose -4*s = -0*s - i. What is the highest common divisor of 10 and s?
10
Suppose -4*q + 38 + 10 = 0. Calculate the greatest common factor of 12 and q.
12
Suppose 4*u = -0*z - z + 5, 4*z = 2*u + 20. What is the greatest common factor of z and 20?
5
Let s(q) = 3 + 3*q - 2*q - 1 + 5. Let x be s(-5). Suppose -2*b = -26 - 6. Calculate the greatest common factor of x and b.
2
Let r(s) = s**2 + 6*s + 4. Let n be r(-7). Let v = n - 7. Calculate the greatest common factor of 32 and v.
4
Suppose -34 = -3*c + 65. Suppose 3*a + 3*s = 21, 0 = 2*a + 7*s - 8*s - 2. Calculate the greatest common divisor of a and c.
3
Let r be ((-18)/6)/(3/(-9)). What is the highest common factor of 63 and r?
9
Let f(v) = -v + 3. Suppose 0 = -5*a + 2*h - 22, h - 12 = 4*a + 5*h. Let c be f(a). Wh